{"id":70,"date":"2022-07-22T21:20:26","date_gmt":"2022-07-22T19:20:26","guid":{"rendered":"https:\/\/afrique-espoir.com\/health\/about-us-2\/"},"modified":"2022-07-25T13:01:46","modified_gmt":"2022-07-25T11:01:46","slug":"expert-evacuation-sanitaire-afrique","status":"publish","type":"page","link":"https:\/\/afrique-espoir.com\/health\/expert-evacuation-sanitaire-afrique\/","title":{"rendered":"Qui sommes-nous ?"},"content":{"rendered":"\n\n\n\n\n\n\n\n<h2>Bienvenue chez Afrique Espoir Health<\/h2>\n<p>S&rsquo;appuyant sur un r\u00e9seau de m\u00e9decins reconnus dans leurs sp\u00e9cialit\u00e9s, et les meilleurs \u00e9tablissements de sant\u00e9 dans les secteurs publics et priv\u00e9s au Maroc. Afrique Espoir Health \u00e0 travers son exp\u00e9rience en mati\u00e8re d&rsquo;\u00e9vacuation sanitaire et de voyages et parcours de soins, elle se positionne comme op\u00e9rateur de r\u00e9f\u00e9rence en Afrique.<\/p>\n<p>Fort de son expertise, <strong>Afrique Espoir Health<\/strong>, vous garantie l&rsquo;organisation de vos <strong>s\u00e9jours th\u00e9rapeutiques<\/strong> en meilleurs conditions et co\u00fbts optimis\u00e9s, quelque soit votre cas et votre budget.<\/p>\n<p>Pour vous fournir des informations pertinentes et de qualit\u00e9, tous nos op\u00e9rateurs et collaborateurs sont form\u00e9s aux enjeux de la sant\u00e9 et soins d&rsquo;urgentologie.<\/p>\n<p>Il sont habilit\u00e9s et d\u00fbment autoris\u00e9s \u00e0 mener ces missions.<\/p>\n\n\n\n\n\n\n\n\n\n<h6>Ans d&rsquo;expertise<\/h6>\n\n\n\n<h6>Patients satisfaits<\/h6>\n\n\n\n<h6>+de 20 sp\u00e9cialit\u00e9s<\/h6>\n\n\n\n\n<h2>Our Smiling Patients<\/h2>\n<p style=\"text-align: center;\">Go to SitePad Editor to add your own text and edit me<\/p>\n\n\n\n<p>Lorem ipsum dolor sit amet, consectetur adipiscing elit, sed do eiusmod ut labore et dolore magna aliqua.<\/p>\n\n\n\n<p>Lorem ipsum dolor sit amet, consectetur adipiscing elit, sed do eiusmod ut labore et dolore magna aliqua.<\/p>\n\n\n\n<p>Lorem ipsum dolor sit amet, consectetur adipiscing elit, sed do eiusmod ut labore et dolore magna aliqua.<\/p>\n\n\n\n\n","protected":false},"excerpt":{"rendered":"","protected":false},"author":1,"featured_media":0,"parent":0,"menu_order":0,"comment_status":"closed","ping_status":"closed","template":"","meta":{"pagelayer_contact_templates":[],"_pagelayer_content":"","footnotes":""},"class_list":["post-70","page","type-page","status-publish","hentry"],"_links":{"self":[{"href":"https:\/\/afrique-espoir.com\/health\/wp-json\/wp\/v2\/pages\/70","targetHints":{"allow":["GET"]}}],"collection":[{"href":"https:\/\/afrique-espoir.com\/health\/wp-json\/wp\/v2\/pages"}],"about":[{"href":"https:\/\/afrique-espoir.com\/health\/wp-json\/wp\/v2\/types\/page"}],"author":[{"embeddable":true,"href":"https:\/\/afrique-espoir.com\/health\/wp-json\/wp\/v2\/users\/1"}],"replies":[{"embeddable":true,"href":"https:\/\/afrique-espoir.com\/health\/wp-json\/wp\/v2\/comments?post=70"}],"version-history":[{"count":9,"href":"https:\/\/afrique-espoir.com\/health\/wp-json\/wp\/v2\/pages\/70\/revisions"}],"predecessor-version":[{"id":163,"href":"https:\/\/afrique-espoir.com\/health\/wp-json\/wp\/v2\/pages\/70\/revisions\/163"}],"wp:attachment":[{"href":"https:\/\/afrique-espoir.com\/health\/wp-json\/wp\/v2\/media?parent=70"}],"curies":[{"name":"wp","href":"https:\/\/api.w.org\/{rel}","templated":true}]}}